{"id":1064,"date":"2014-06-23T21:15:07","date_gmt":"2014-06-23T19:15:07","guid":{"rendered":"http:\/\/www.porzellanland.net\/?page_id=1064"},"modified":"2014-09-11T15:15:53","modified_gmt":"2014-09-11T13:15:53","slug":"50jahreelak","status":"publish","type":"page","link":"http:\/\/www.porzellanland.net\/?page_id=1064","title":{"rendered":"50&#038;jahre\/ELAK"},"content":{"rendered":"<p>spielend live &#8218;transINformationen wirbeweb&#8216; bei 50. jahre ELAK<br \/>\nphotographiert von michael zacherl<br \/>\n<a href=\"http:\/\/www.porzellanland.net\/?attachment_id=1118\" rel=\"attachment wp-att-1118\"><img loading=\"lazy\" decoding=\"async\" class=\"alignnone size-full wp-image-1118\" alt=\"elak&amp;50\/spies(live)\" src=\"http:\/\/www.porzellanland.net\/wp-content\/uploads\/2014\/06\/elak50spies.jpg\" width=\"340\" height=\"510\" \/><\/a><br \/>\nkommentar hoffnungsvoll bald !!!<br \/>\naudio: <a href=\"http:\/\/www.porzellanland.net\/?attachment_id=1226\" rel=\"attachment wp-att-1226\">live_transinform<\/a><\/p>\n<p>am 22. 06. 2014 folge ich der einladung anlaesslich<br \/>\n50. jahre ELAK \/ &#8218;zum 50-j\u00e4hrigen Jubil\u00e4um der Elektroakustischen Musik in Wien&#8216;<br \/>\nin der ankerbrotfabrik, im sogenannten &#8218;Rabl&#8217;block&#8216; (zw. 17-19h)<br \/>\n&amp; spiele<br \/>\n&#8218;die bretter die die welt bedeuten die&#8216;<br \/>\noder<br \/>\n&#8218;transINformationen wirbeweb&#8216; {([gewidmet dem schrulligen Prof. Gottgewalt] beinote) mit rabl&#8217;schen Beistand}<br \/>\neine glosse in mono visa versa stereo<br \/>\n-&gt; (info siehe u.!!!)<br \/>\n<a href=\"http:\/\/www.porzellanland.net\/?attachment_id=776\" rel=\"attachment wp-att-776\"><img loading=\"lazy\" decoding=\"async\" class=\"alignnone size-full wp-image-776\" alt=\"holy&amp;home\/elak\" src=\"http:\/\/www.porzellanland.net\/wp-content\/uploads\/2014\/04\/Bild0321.jpg\" width=\"327\" height=\"436\" srcset=\"http:\/\/www.porzellanland.net\/wp-content\/uploads\/2014\/04\/Bild0321.jpg 1200w, http:\/\/www.porzellanland.net\/wp-content\/uploads\/2014\/04\/Bild0321-225x300.jpg 225w, http:\/\/www.porzellanland.net\/wp-content\/uploads\/2014\/04\/Bild0321-768x1024.jpg 768w, http:\/\/www.porzellanland.net\/wp-content\/uploads\/2014\/04\/Bild0321-624x832.jpg 624w\" sizes=\"auto, (max-width: 327px) 100vw, 327px\" \/><\/a><\/p>\n<p>ELECTROACOUSTIC MUSIC FESTIVAL VIENNA<br \/>\n16. &#8211; 22. Juni 2014<br \/>\nehemalige ANKER EXPEDITHALLE<\/p>\n<p>Programm:<br \/>\n16. &#8211; 18. Juni 2014<br \/>\nInterpretationsworkshop an \u00d6sterreichs einzigem Akusmonium von und mit Thomas Gorbach &#8211; open lectures von 10.00 &#8211; 15.00 Uhr.<br \/>\n16. &#8211; 18. Juni 2014<br \/>\nopen rehearsal &#8211; open lectures von 15.00 &#8211; 24.00 mit Wolfgang Musil ( Proben f\u00fcr die Konzertbl\u00f6cke )<\/p>\n<p>19. &amp; 20. 06. 2014: Konzertabend 1 &amp; 2 von THE ELECTROACOUSTIC PROJECT<br \/>\n21. &amp; 22. 06. 2014: Konzertabend 3 &amp; 4 von ELAK 50: Zwei Konzertabende zum 50-j\u00e4hrigen Jubil\u00e4um der Elektroakustischen Musik in Wien<br \/>\n( in 7 Bl\u00f6cken mit grossz\u00fcgigen Pausen dazwischen )<\/p>\n<p>ELAK und THE ELECTROACOUSTIC PROJECT arbeiten erstmals zusammen um in Wien ein einzigartiges Arrangement von bis zu 60 Lautsprechern zu pr\u00e4sentieren, auf dem neuste elektroakustische und Computermusik dargeboten, aber auch ein \u00dcberblick \u00fcber die Entwicklung dieser Genres vorgestellt wird. Vier Konzertabende mit jeweils drei Teilen bieten Gelegenheit, um in die ergreifende und farbige Welt der Kl\u00e4nge einzutauchen, in das gro\u00dfe Kino f\u00fcr die Ohren.<br \/>\nwww.elakwien.at<\/p>\n<p>informelles &amp; anwortmail auf musil&#8217;sche phoneinladung:<br \/>\nhallo wolfgang,<br \/>\n&#8230;da hat es ja gleich bei mir rumoorrrrt zwischen den gehirnwindungen, gestern&#8230;<br \/>\nhowever,<br \/>\nhab da etwas ganz schoenes, passendes, beinahe festliches werk&#8217;lein<\/p>\n<p>&#8218;die bretter die die welt bedeuten die&#8216;<br \/>\nfuer studerIN b67, eine\/n sprecher\/IN und spielend leichter klangregie die<\/p>\n<p>du weisst schon, dass liedlein von der &#8218;tonband&#8216; vom &#8218;loeschknopf&#8216;, du weisst eh schon, wenn die b67 landet&#8230;<br \/>\nein tolles richtig schoenes, simples, klassisches, fast performativ-elektroaktustisch-puristisches kleinod (siehe anhang), echtes jubeltrubeljubellaeumsstueck&#8230;<br \/>\n&#8230;du weisst schon.<br \/>\nhat auch so eine tolle kurze laenge (3:27; mit einzaehlen und kleinen nachhall in die naechsten 50. jahre maximal 5:54 -&gt; wie von dir am tel. gewuenscht, aber du weisst eh schon&#8230;)<br \/>\nwo man sich so richtig an die tage am guten, in den guten, ins gute die &#8218;elak&#8216; verfliegen wird koennen,<br \/>\nein leerstueck aus dem mechtlerunterricht, von dem dr (echt 24 bit master !!!)&#8230;<br \/>\n&#8230;du weisst schon (hab ich dir ja am telefon erzaehlt&#8230; du weisst ja schon!)<br \/>\nbraeuchte nur die klitzekleinekleine unterstuetzung,<br \/>\ndu weisst schon, dieser loeschkopf mit schalter, braucht wieder eine loetstelle&#8230;<br \/>\nund bei der klangregie,<br \/>\nja, da braucht es des meister&#8217;s hand,<br \/>\ndu weisst schon, die Eine&#8230;<br \/>\nder assistent kann nicht alles allein,<br \/>\nvor allem an zwei orten gleichzeitig, machen&#8230;<br \/>\ndu weisst schon,<br \/>\naber ganz einfach,<br \/>\neigentlich nix kompliziertes,<br \/>\nfast nix zum merken,<br \/>\ndie laeuft von selbst,<br \/>\ndu weisst es eh !.?<\/p>\n<p>mit herzlichen sirenen<br \/>\npeter seher<\/p>\n<p>ps. &#8230;notfalls: miniatur 1, du weisst eh, schon total im dumping zu haben, NUR um 02:19 \/pro minute<br \/>\npps. &#8230;dieser kleine ekel, der unangenehme, der so zua&#8217;besteigt, du eh weisst schon, der sich dann meldet, wegen der honorartoten, du weisst schon, der nie seinen namen sagt, aber du erkennst Ihn ja eh an den photo, das ich dir geschickt habe, du weisst schon, im anhang, der meldet sich und kommt von mir, zeigt aber nie das photo, du weisst schon, das im anhang, der ganz ganz unangenehme, der schalk, vom nacken die,<br \/>\nDie Eine&#8230;<\/p>\n<p>info:<\/p>\n<p><strong style=\"font-family: helvetica;\"> <span style=\"font-size: 18.0pt;\">50 Jahre ELAK \u2013 <\/span> <\/strong> <strong style=\"font-family: helvetica;\"> <span style=\"font-size: 18.0pt;\">50 Jahre elektroakustische Musik in \u00d6sterreich<\/span> <\/strong><br \/>\n<span style=\"font-family: helvetica; line-height: 13.0px; text-align: justify;\">Vor 50 Jahren wurde an der damaligen &#8222;Akademie f\u00fcr Musik und Darstellende Kunst Wien&#8220; zum ersten mal ein &#8222;Seminar f\u00fcr elektronische Musik&#8220; als neuer Sonderlehrgang etabliert, und im gleichen Jahr begann Ing. Hellmut Gottwald mit dem Bau des legend\u00e4ren &#8222;Akaphons&#8220;, das als ein Vorl\u00e4ufer sp\u00e4terer Synthesizer gilt. Beides waren wesentliche Meilensteine in der Entwicklung der elektroakustischen Musik in Wien und \u00d6sterreich, die bis heute die elektroakustische Szene Wiens und \u00d6sterreichs ma\u00dfgeblich pr\u00e4gen. In den letzten 50 Jahren gingen von dem erw\u00e4hnten Lehrgang (heute: Lehrgang f\u00fcr Computermusik und elektronische Medien) und seinem Umfeld wichtige Impulse f\u00fcr das Musikleben aus, aus einem experimentellen Nischenbereich wurde ein wichtiger Teil des Musiklebens, und viele namhafte KomponistInnen, Medienk\u00fcnsterInnen, Hochschullehrende, Performer, Klangk\u00fcnstler, Softwareentwickler, Musikproduzenten und Wissenschaftler haben aus dem Studium am &#8222;ELAK&#8220; wichtige Impulse f\u00fcr ihre berufliche Karriere erhalten.<\/span><br \/>\n<span style=\"font-family: helvetica; line-height: 13.0px; text-align: justify;\">Das 50-Jahr-Jubil\u00e4um bietet Anlass, wichtige Schritte der Entwicklung der elektronischen Musik in \u00d6sterreich Revue passieren zu lassen, wesentliche Akteure dieser Musikszene durch ihre Werke aber auch durch ihre k\u00fcnstlerischen Positionen und Visionen f\u00fcr die Zukunft dieses Bereiches zu Wort kommen zu lassen und der \u00d6ffentlichkeit die ma\u00dfgeblichen Leistungen der Institution &#8222;ELAK&#8220; zu verdeutlichen, die weit \u00fcber den rein musikalischen Bereich von K\u00fcnstlern vieler Disziplinen gesch\u00e4tzt werden und einen wichtigen Ber\u00fchrungspunkt zwischen den verschiedenen k\u00fcnstlerischen Szenen darstellen. Die k\u00fcnstlerische Ausstrahlung der ELAK-Szene im R\u00fcckblick, in gegenw\u00e4rtiger Manifestation und im Ausblick auf kommende Entwicklungen umfassend k\u00fcnstlerisch darzustellen, ist Ziel dieses Projekts. <\/span><br \/>\n<span style=\"font-family: helvetica; line-height: 13.0px; text-align: justify;\">In Zusammenarbeit mit THE ELECTROACOUSTIC PROJECT und dem Verein der Freunde des Lehrgangs f\u00fcr Computermusik und elektronische Medien an der Universit\u00e4t f\u00fcr Musik und darstellender Kunst Wien wird an vier Konzertabenden sowohl eine R\u00fcckschau auf die letzte 50 Jahre, als auch die Pr\u00e4sentation aktueller Str\u00f6mungen und ein Ausblick auf kommende Entwicklungen geboten. Namhafte Gastkuratoren (Dieter Kaufmann, Tamas Ungvary, G\u00fcnther Rabl, Germ\u00e1n Toro-P\u00e9rez) werden in Zusammenarbeit mit dem Organisationsteam ein spannendes Programm zusammenstellen. Ein in Wien einzigartiges Arrangement von bis zu 60 Lautsprechern wird Gelegenheit bieten, um in die ergreifende und farbige Welt der Kl\u00e4nge einzutauchen, in das gro\u00dfe Kino f\u00fcr die Ohren.<\/span><\/p>\n<p><strong style=\"font-family: helvetica;\">Alle Infos unter: <\/strong> <span style=\"color: #333333; font-family: Helvetica , Helvetica , Arial , sans-serif;\"><br \/>\n<span style=\"font-size: 22.0px; line-height: 16.0px;\"><br \/>\n<\/span> <\/span> <span style=\"font-size: x-large; color: #333333; line-height: 16.8px; margin: 0.0px; padding: 0.0px; font-family: helvetica;\"><strong> <a style=\"margin: 0.0px; padding: 0.0px; text-decoration: none; color: #4b78a7;\" href=\"https:\/\/3c.gmx.net\/mail\/client\/dereferrer?redirectUrl=http%3A%2F%2Ffestival.elakwien.at\" target=\"_blank\">www.festival.elakwien.at<\/a><\/strong><\/span> <span style=\"font-size: 24.0px; font-family: Helvetica; color: #333333; line-height: 16.8px;\">+++<\/span><br \/>\n<span style=\"color: #333333; font-family: Helvetica , Helvetica , Arial , sans-serif; font-size: large;\"> <span style=\"line-height: 16.0px;\"><br \/>\n<\/span> <\/span> <a style=\"line-height: 16.8px; font-family: helvetica;\" href=\"https:\/\/3c.gmx.net\/mail\/client\/dereferrer?redirectUrl=https%3A%2F%2Fwww.facebook.com%2Fevents%2F530708347051895%2F\" target=\"_blank\">https:\/\/www.facebook.com\/events\/530708347051895\/<\/a><\/p>\n","protected":false},"excerpt":{"rendered":"<p>spielend live &#8218;transINformationen wirbeweb&#8216; bei 50. jahre ELAK photographiert von michael zacherl kommentar hoffnungsvoll bald !!! audio: live_transinform am 22. 06. 2014 folge ich der einladung anlaesslich 50. jahre ELAK \/ &#8218;zum 50-j\u00e4hrigen Jubil\u00e4um der Elektroakustischen Musik in Wien&#8216; in der ankerbrotfabrik, im sogenannten &#8218;Rabl&#8217;block&#8216; (zw. 17-19h) &amp; spiele &#8218;die bretter die die welt bedeuten [&hellip;]<\/p>\n","protected":false},"author":1,"featured_media":0,"parent":123,"menu_order":96,"comment_status":"closed","ping_status":"open","template":"","meta":{"footnotes":""},"class_list":["post-1064","page","type-page","status-publish","hentry"],"_links":{"self":[{"href":"http:\/\/www.porzellanland.net\/index.php?rest_route=\/wp\/v2\/pages\/1064","targetHints":{"allow":["GET"]}}],"collection":[{"href":"http:\/\/www.porzellanland.net\/index.php?rest_route=\/wp\/v2\/pages"}],"about":[{"href":"http:\/\/www.porzellanland.net\/index.php?rest_route=\/wp\/v2\/types\/page"}],"author":[{"embeddable":true,"href":"http:\/\/www.porzellanland.net\/index.php?rest_route=\/wp\/v2\/users\/1"}],"replies":[{"embeddable":true,"href":"http:\/\/www.porzellanland.net\/index.php?rest_route=%2Fwp%2Fv2%2Fcomments&post=1064"}],"version-history":[{"count":8,"href":"http:\/\/www.porzellanland.net\/index.php?rest_route=\/wp\/v2\/pages\/1064\/revisions"}],"predecessor-version":[{"id":1122,"href":"http:\/\/www.porzellanland.net\/index.php?rest_route=\/wp\/v2\/pages\/1064\/revisions\/1122"}],"up":[{"embeddable":true,"href":"http:\/\/www.porzellanland.net\/index.php?rest_route=\/wp\/v2\/pages\/123"}],"wp:attachment":[{"href":"http:\/\/www.porzellanland.net\/index.php?rest_route=%2Fwp%2Fv2%2Fmedia&parent=1064"}],"curies":[{"name":"wp","href":"https:\/\/api.w.org\/{rel}","templated":true}]}}

<p>spielend live &#8218;transINformationen wirbeweb&#8216; bei 50. jahre ELAK<br />
photographiert von michael zacherl<br />
<a href="http://www.porzellanland.net/?attachment_id=1118" rel="attachment wp-att-1118"><img loading="lazy" decoding="async" class="alignnone size-full wp-image-1118" alt="elak&amp;50/spies(live)" src="http://www.porzellanland.net/wp-content/uploads/2014/06/elak50spies.jpg" width="340" height="510" /></a><br />
kommentar hoffnungsvoll bald !!!<br />
audio: <a href="http://www.porzellanland.net/?attachment_id=1226" rel="attachment wp-att-1226">live_transinform</a></p>
<p>am 22. 06. 2014 folge ich der einladung anlaesslich<br />
50. jahre ELAK / &#8218;zum 50-jährigen Jubiläum der Elektroakustischen Musik in Wien&#8216;<br />
in der ankerbrotfabrik, im sogenannten &#8218;Rabl&#8217;block&#8216; (zw. 17-19h)<br />
&amp; spiele<br />
&#8218;die bretter die die welt bedeuten die&#8216;<br />
oder<br />
&#8218;transINformationen wirbeweb&#8216; {([gewidmet dem schrulligen Prof. Gottgewalt] beinote) mit rabl&#8217;schen Beistand}<br />
eine glosse in mono visa versa stereo<br />
-&gt; (info siehe u.!!!)<br />
<a href="http://www.porzellanland.net/?attachment_id=776" rel="attachment wp-att-776"><img loading="lazy" decoding="async" class="alignnone size-full wp-image-776" alt="holy&amp;home/elak" src="http://www.porzellanland.net/wp-content/uploads/2014/04/Bild0321.jpg" width="327" height="436" srcset="http://www.porzellanland.net/wp-content/uploads/2014/04/Bild0321.jpg 1200w, http://www.porzellanland.net/wp-content/uploads/2014/04/Bild0321-225x300.jpg 225w, http://www.porzellanland.net/wp-content/uploads/2014/04/Bild0321-768x1024.jpg 768w, http://www.porzellanland.net/wp-content/uploads/2014/04/Bild0321-624x832.jpg 624w" sizes="auto, (max-width: 327px) 100vw, 327px" /></a></p>
<p>ELECTROACOUSTIC MUSIC FESTIVAL VIENNA<br />
16. &#8211; 22. Juni 2014<br />
ehemalige ANKER EXPEDITHALLE</p>
<p>Programm:<br />
16. &#8211; 18. Juni 2014<br />
Interpretationsworkshop an Österreichs einzigem Akusmonium von und mit Thomas Gorbach &#8211; open lectures von 10.00 &#8211; 15.00 Uhr.<br />
16. &#8211; 18. Juni 2014<br />
open rehearsal &#8211; open lectures von 15.00 &#8211; 24.00 mit Wolfgang Musil ( Proben für die Konzertblöcke )</p>
<p>19. &amp; 20. 06. 2014: Konzertabend 1 &amp; 2 von THE ELECTROACOUSTIC PROJECT<br />
21. &amp; 22. 06. 2014: Konzertabend 3 &amp; 4 von ELAK 50: Zwei Konzertabende zum 50-jährigen Jubiläum der Elektroakustischen Musik in Wien<br />
( in 7 Blöcken mit grosszügigen Pausen dazwischen )</p>
<p>ELAK und THE ELECTROACOUSTIC PROJECT arbeiten erstmals zusammen um in Wien ein einzigartiges Arrangement von bis zu 60 Lautsprechern zu präsentieren, auf dem neuste elektroakustische und Computermusik dargeboten, aber auch ein Überblick über die Entwicklung dieser Genres vorgestellt wird. Vier Konzertabende mit jeweils drei Teilen bieten Gelegenheit, um in die ergreifende und farbige Welt der Klänge einzutauchen, in das große Kino für die Ohren.<br />
www.elakwien.at</p>
<p>informelles &amp; anwortmail auf musil&#8217;sche phoneinladung:<br />
hallo wolfgang,<br />
&#8230;da hat es ja gleich bei mir rumoorrrrt zwischen den gehirnwindungen, gestern&#8230;<br />
however,<br />
hab da etwas ganz schoenes, passendes, beinahe festliches werk&#8217;lein</p>
<p>&#8218;die bretter die die welt bedeuten die&#8216;<br />
fuer studerIN b67, eine/n sprecher/IN und spielend leichter klangregie die</p>
<p>du weisst schon, dass liedlein von der &#8218;tonband&#8216; vom &#8218;loeschknopf&#8216;, du weisst eh schon, wenn die b67 landet&#8230;<br />
ein tolles richtig schoenes, simples, klassisches, fast performativ-elektroaktustisch-puristisches kleinod (siehe anhang), echtes jubeltrubeljubellaeumsstueck&#8230;<br />
&#8230;du weisst schon.<br />
hat auch so eine tolle kurze laenge (3:27; mit einzaehlen und kleinen nachhall in die naechsten 50. jahre maximal 5:54 -&gt; wie von dir am tel. gewuenscht, aber du weisst eh schon&#8230;)<br />
wo man sich so richtig an die tage am guten, in den guten, ins gute die &#8218;elak&#8216; verfliegen wird koennen,<br />
ein leerstueck aus dem mechtlerunterricht, von dem dr (echt 24 bit master !!!)&#8230;<br />
&#8230;du weisst schon (hab ich dir ja am telefon erzaehlt&#8230; du weisst ja schon!)<br />
braeuchte nur die klitzekleinekleine unterstuetzung,<br />
du weisst schon, dieser loeschkopf mit schalter, braucht wieder eine loetstelle&#8230;<br />
und bei der klangregie,<br />
ja, da braucht es des meister&#8217;s hand,<br />
du weisst schon, die Eine&#8230;<br />
der assistent kann nicht alles allein,<br />
vor allem an zwei orten gleichzeitig, machen&#8230;<br />
du weisst schon,<br />
aber ganz einfach,<br />
eigentlich nix kompliziertes,<br />
fast nix zum merken,<br />
die laeuft von selbst,<br />
du weisst es eh !.?</p>
<p>mit herzlichen sirenen<br />
peter seher</p>
<p>ps. &#8230;notfalls: miniatur 1, du weisst eh, schon total im dumping zu haben, NUR um 02:19 /pro minute<br />
pps. &#8230;dieser kleine ekel, der unangenehme, der so zua&#8217;besteigt, du eh weisst schon, der sich dann meldet, wegen der honorartoten, du weisst schon, der nie seinen namen sagt, aber du erkennst Ihn ja eh an den photo, das ich dir geschickt habe, du weisst schon, im anhang, der meldet sich und kommt von mir, zeigt aber nie das photo, du weisst schon, das im anhang, der ganz ganz unangenehme, der schalk, vom nacken die,<br />
Die Eine&#8230;</p>
<p>info:</p>
<p><strong style="font-family: helvetica;"> <span style="font-size: 18.0pt;">50 Jahre ELAK – </span> </strong> <strong style="font-family: helvetica;"> <span style="font-size: 18.0pt;">50 Jahre elektroakustische Musik in Österreich</span> </strong><br />
<span style="font-family: helvetica; line-height: 13.0px; text-align: justify;">Vor 50 Jahren wurde an der damaligen &#8222;Akademie für Musik und Darstellende Kunst Wien&#8220; zum ersten mal ein &#8222;Seminar für elektronische Musik&#8220; als neuer Sonderlehrgang etabliert, und im gleichen Jahr begann Ing. Hellmut Gottwald mit dem Bau des legendären &#8222;Akaphons&#8220;, das als ein Vorläufer späterer Synthesizer gilt. Beides waren wesentliche Meilensteine in der Entwicklung der elektroakustischen Musik in Wien und Österreich, die bis heute die elektroakustische Szene Wiens und Österreichs maßgeblich prägen. In den letzten 50 Jahren gingen von dem erwähnten Lehrgang (heute: Lehrgang für Computermusik und elektronische Medien) und seinem Umfeld wichtige Impulse für das Musikleben aus, aus einem experimentellen Nischenbereich wurde ein wichtiger Teil des Musiklebens, und viele namhafte KomponistInnen, MedienkünsterInnen, Hochschullehrende, Performer, Klangkünstler, Softwareentwickler, Musikproduzenten und Wissenschaftler haben aus dem Studium am &#8222;ELAK&#8220; wichtige Impulse für ihre berufliche Karriere erhalten.</span><br />
<span style="font-family: helvetica; line-height: 13.0px; text-align: justify;">Das 50-Jahr-Jubiläum bietet Anlass, wichtige Schritte der Entwicklung der elektronischen Musik in Österreich Revue passieren zu lassen, wesentliche Akteure dieser Musikszene durch ihre Werke aber auch durch ihre künstlerischen Positionen und Visionen für die Zukunft dieses Bereiches zu Wort kommen zu lassen und der Öffentlichkeit die maßgeblichen Leistungen der Institution &#8222;ELAK&#8220; zu verdeutlichen, die weit über den rein musikalischen Bereich von Künstlern vieler Disziplinen geschätzt werden und einen wichtigen Berührungspunkt zwischen den verschiedenen künstlerischen Szenen darstellen. Die künstlerische Ausstrahlung der ELAK-Szene im Rückblick, in gegenwärtiger Manifestation und im Ausblick auf kommende Entwicklungen umfassend künstlerisch darzustellen, ist Ziel dieses Projekts. </span><br />
<span style="font-family: helvetica; line-height: 13.0px; text-align: justify;">In Zusammenarbeit mit THE ELECTROACOUSTIC PROJECT und dem Verein der Freunde des Lehrgangs für Computermusik und elektronische Medien an der Universität für Musik und darstellender Kunst Wien wird an vier Konzertabenden sowohl eine Rückschau auf die letzte 50 Jahre, als auch die Präsentation aktueller Strömungen und ein Ausblick auf kommende Entwicklungen geboten. Namhafte Gastkuratoren (Dieter Kaufmann, Tamas Ungvary, Günther Rabl, Germán Toro-Pérez) werden in Zusammenarbeit mit dem Organisationsteam ein spannendes Programm zusammenstellen. Ein in Wien einzigartiges Arrangement von bis zu 60 Lautsprechern wird Gelegenheit bieten, um in die ergreifende und farbige Welt der Klänge einzutauchen, in das große Kino für die Ohren.</span></p>
<p><strong style="font-family: helvetica;">Alle Infos unter: </strong> <span style="color: #333333; font-family: Helvetica , Helvetica , Arial , sans-serif;"><br />
<span style="font-size: 22.0px; line-height: 16.0px;"><br />
</span> </span> <span style="font-size: x-large; color: #333333; line-height: 16.8px; margin: 0.0px; padding: 0.0px; font-family: helvetica;"><strong> <a style="margin: 0.0px; padding: 0.0px; text-decoration: none; color: #4b78a7;" href="https://3c.gmx.net/mail/client/dereferrer?redirectUrl=http%3A%2F%2Ffestival.elakwien.at" target="_blank">www.festival.elakwien.at</a></strong></span> <span style="font-size: 24.0px; font-family: Helvetica; color: #333333; line-height: 16.8px;">+++</span><br />
<span style="color: #333333; font-family: Helvetica , Helvetica , Arial , sans-serif; font-size: large;"> <span style="line-height: 16.0px;"><br />
</span> </span> <a style="line-height: 16.8px; font-family: helvetica;" href="https://3c.gmx.net/mail/client/dereferrer?redirectUrl=https%3A%2F%2Fwww.facebook.com%2Fevents%2F530708347051895%2F" target="_blank">https://www.facebook.com/events/530708347051895/</a></p>

<p>spielend live &#8218;transINformationen wirbeweb&#8216; bei 50. jahre ELAK photographiert von michael zacherl kommentar hoffnungsvoll bald !!! audio: live_transinform am 22. 06. 2014 folge ich der einladung anlaesslich 50. jahre ELAK / &#8218;zum 50-jährigen Jubiläum der Elektroakustischen Musik in Wien&#8216; in der ankerbrotfabrik, im sogenannten &#8218;Rabl&#8217;block&#8216; (zw. 17-19h) &amp; spiele &#8218;die bretter die die welt bedeuten [&hellip;]</p>
