{"id":20,"date":"2013-05-17T12:20:23","date_gmt":"2013-05-17T10:20:23","guid":{"rendered":"http:\/\/www.porzellanland.net\/?page_id=20"},"modified":"2014-06-13T11:55:48","modified_gmt":"2014-06-13T09:55:48","slug":"inleben","status":"publish","type":"page","link":"http:\/\/www.porzellanland.net\/?page_id=20","title":{"rendered":"inleben"},"content":{"rendered":"<p>Inhalt &#8218;cd-inleben&#8216; (ostblock rekords)<br \/>\n<a href=\"http:\/\/www.porzellanland.net\/?attachment_id=59\" rel=\"attachment wp-att-59\"><img loading=\"lazy\" decoding=\"async\" class=\"alignnone size-medium wp-image-59\" alt=\"fegefeuer.jp\" src=\"http:\/\/www.porzellanland.net\/wp-content\/uploads\/2013\/05\/fegefeuer.jp_-225x300.jpg\" width=\"225\" height=\"300\" srcset=\"http:\/\/www.porzellanland.net\/wp-content\/uploads\/2013\/05\/fegefeuer.jp_-225x300.jpg 225w, http:\/\/www.porzellanland.net\/wp-content\/uploads\/2013\/05\/fegefeuer.jp_-768x1024.jpg 768w, http:\/\/www.porzellanland.net\/wp-content\/uploads\/2013\/05\/fegefeuer.jp_-624x832.jpg 624w, http:\/\/www.porzellanland.net\/wp-content\/uploads\/2013\/05\/fegefeuer.jp_.jpg 1932w\" sizes=\"auto, (max-width: 225px) 100vw, 225px\" \/><\/a> bild: robert kellner<br \/>\nDas Streben nach Selbst\u00e4ndigkeit und mir Unbekanntem beinhaltete im meinem Suchen immer auch eine gewisse Abwehrreaktion Neuem gegen\u00fcber. So sehr mich diese Haltung zun\u00e4chst am Vorw\u00e4rtsschreiten hinderte, brachte sie mich doch immer wieder an den Punkt, der mich zu elementaren \u00dcberlegungen zur\u00fcckkatapultierte und zu mir neuen Klangstrukturen f\u00fchrte.<br \/>\nWie kr\u00e4fteraubend und ineffizient dieser Prozess des Beginnens auch sein mochte, so intensiv m\u00fcndete er jedesmal in einen Ausbruch an Energie des Erschaffens &#8211; wenngleich nach der Fertigstellung eines neuen St\u00fcckes immer wieder eine Starre folgte, die neues kontinuierliches Arbeiten unm\u00f6glich machte.<br \/>\nWenn allerdings Material, Prozess und Inhalt festgelegt waren, folgte sogleich eine intensive Phase des Improvisierens und Experimentierens. Das Ergebnis waren dann fein ausgearbeitete Details, wie auch gr\u00f6ssere Formen, die ich trotz ihrer etwaigen technischen Unvollkommenheit unver\u00e4ndert liess, da sie vor allem den Moment der Idee und des spontanen Ausbruchs festhielten.<br \/>\nSo galten die vielen Klicks und Verzerrungen, auch gleich als Teil der Idee und Aufforderung zum Spiel, Herausforderung &#8211; unverzichtbares Element.<br \/>\ndie seidenschere im porzellanland fasst all diese Aspekte wohl am klarsten zusammen und mag auch als zentrales Werk dieser ersten intensiven Phase (2003 &#8211; 2007) der Besch\u00e4ftigung mit elektroakustischer Musik in ihren verschiedenen Erscheinungsformen gelten. Die Auswahl des Hauptmaterials in seiner Gegens\u00e4tzlichkeit (Kirchenglocken und Porzellanscherben), die Verwendung analoger Tonbandmanipulationen und einfacher digitaler Transformationen, Auswahl und Anwendung der &#8218;field recordings&#8216; und schliesslich die Spannung konkreter Kl\u00e4nge (bis hin zu komplexen Clustern, die sich bis zur &#8218;Schmerzgrenze&#8216; entfalten d\u00fcrfen), deuten auf verschiedenste Verbindungen hin, die zwischen den einzelnen St\u00fccken bestehen.<br \/>\nEin weiterer Grundpfeiler war f\u00fcr mich auch die selbstauferlegte Limitierung des Ausgangsmaterials, das in dem jeweiligen St\u00fcck verwendet wurde (inklusive einiger, nicht im Konzept vorgesehener &#8218;Klangfremdk\u00f6rper&#8216;).<br \/>\nSo lassen sich im Nachhinein nat\u00fcrlich viele Verbindungen und logische Schl\u00fcsse bilden, die im Wesentlichen auch auf eine pers\u00f6nliche Entwicklung hindeuten, wobei Fragen nach der eigenen Herkunft wie auch der Umwelt eine zentrale Rolle einnehmen.<br \/>\nIn miniaturen 1-3, die seidenschere im porzellanland und inleben sind diese pers\u00f6nlichen Verbindungen und Hinweise zu den jeweiligen Aufnahmen von Anfang an gewollt, da die subjektive N\u00e4he ein zentraler Ausgangspunkt f\u00fcr den jeweiligen Verlauf und technischen Prozess war.<br \/>\ncut 04 und sehermans sadness m\u00f6gen sich hier zwar klang\u00e4sthetisch und in ihrer Komplexit\u00e4t stark von den anderen St\u00fccken unterscheiden, erm\u00f6glichen jedoch einen Einblick in meine Herangehensweise, die sich in den anderen St\u00fccken nur ausformuliert zeigt.<\/p>\n<p>inleben:<br \/>\n<a href=\"http:\/\/www.porzellanland.net\/?attachment_id=162\" rel=\"attachment wp-att-162\"><img loading=\"lazy\" decoding=\"async\" class=\"alignnone size-medium wp-image-162\" alt=\"Bild1813\" src=\"http:\/\/www.porzellanland.net\/wp-content\/uploads\/2013\/05\/Bild1813-300x225.jpg\" width=\"300\" height=\"225\" srcset=\"http:\/\/www.porzellanland.net\/wp-content\/uploads\/2013\/05\/Bild1813-300x225.jpg 300w, http:\/\/www.porzellanland.net\/wp-content\/uploads\/2013\/05\/Bild1813-1024x768.jpg 1024w, http:\/\/www.porzellanland.net\/wp-content\/uploads\/2013\/05\/Bild1813-624x468.jpg 624w, http:\/\/www.porzellanland.net\/wp-content\/uploads\/2013\/05\/Bild1813.jpg 1600w\" sizes=\"auto, (max-width: 300px) 100vw, 300px\" \/><\/a><\/p>\n<p>Entwickelt als Auftragswerk (Audioinstallation) fuer den Architekten Andreas Treusch, der von Philips eingeladen wurde, einen Frachtcontainer zu gestalten, der in Folge zusammen mit anderen &#8218;Lichtcontainern&#8216; pr\u00e4sentiert wurde [philips -&gt; &#8218;transitions&#8217;light on the move].<\/p>\n<p><a href=\"http:\/\/www.porzellanland.net\/?attachment_id=1003\" rel=\"attachment wp-att-1003\"><img loading=\"lazy\" decoding=\"async\" class=\"alignnone size-full wp-image-1003\" alt=\"treusch&amp;philips\/seher[inleben]\" src=\"http:\/\/www.porzellanland.net\/wp-content\/uploads\/2013\/05\/P1060115.jpg\" width=\"195\" height=\"146\" srcset=\"http:\/\/www.porzellanland.net\/wp-content\/uploads\/2013\/05\/P1060115.jpg 320w, http:\/\/www.porzellanland.net\/wp-content\/uploads\/2013\/05\/P1060115-300x225.jpg 300w\" sizes=\"auto, (max-width: 195px) 100vw, 195px\" \/><\/a><br \/>\nVorgabe war eine Art &#8218;Ladeprozess&#8216; (akku-charger), visuell dargestellt &#8211; derart, dass jeder Innenseite des Containers Lichtfolgen in Komplement\u00e4rfarben zugeordnet wurden.<br \/>\nSchon bald war klar, dass statt der geforderten 1-3 Minuten &#8222;tieffrequenten akustischen Ladeprozess&#8220; sich eine l\u00e4ngere Struktur entwickeln musste, die vorerst ca. 7 1\/2 Minuten umfasste und zu einem von der Lichtinstallation unabhaengigen Werk f\u00fchrte.<br \/>\nDie erste Lichtdramaturgie folgte zwar noch dem musikalischen Verlauf und ebnete den Weg zur endg\u00fcltigen Form (15min), in der sich die Lichtdramaturgie einmal wiederholen sollte. Dieses Konzept sprengte jedoch nicht nur s\u00e4mtliche zeitlichen Vorstellungen, sondern stiess auch an inhaltliche Grenzen, die letztlich in einer Installation m\u00fcndeten, deren akustischer Beitrag die ersten 35 Sekunden von &#8222;inleben&#8220; bildeten.<br \/>\nGeblieben ist ein Werk, das seinem Auftrag entwachsen ist.<\/p>\n<p>text: peter seher mit vielen aufmerksamkeiten von guenther rabl<br \/>\n<a href=\"http:\/\/www.porzellanland.net\/?attachment_id=8\" rel=\"attachment wp-att-8\"><img loading=\"lazy\" decoding=\"async\" class=\"alignnone size-full wp-image-8\" alt=\"p_kniet\" src=\"http:\/\/www.porzellanland.net\/wp-content\/uploads\/2013\/04\/p_kniet.jpg\" width=\"1600\" height=\"1600\" srcset=\"http:\/\/www.porzellanland.net\/wp-content\/uploads\/2013\/04\/p_kniet.jpg 1600w, http:\/\/www.porzellanland.net\/wp-content\/uploads\/2013\/04\/p_kniet-150x150.jpg 150w, http:\/\/www.porzellanland.net\/wp-content\/uploads\/2013\/04\/p_kniet-300x300.jpg 300w, http:\/\/www.porzellanland.net\/wp-content\/uploads\/2013\/04\/p_kniet-1024x1024.jpg 1024w, http:\/\/www.porzellanland.net\/wp-content\/uploads\/2013\/04\/p_kniet-624x624.jpg 624w\" sizes=\"auto, (max-width: 1600px) 100vw, 1600px\" \/><\/a><br \/>\nartwork: joerg huber photo: claire jones<\/p>\n<p>&#8218;inlebenkritik&#8216; -&gt; music information center austria (mica)<br \/>\nhttp:\/\/www.musicaustria.at\/magazin\/jazz-improvisierte-musik\/artikel-berichte\/peter-seher-inleben<\/p>\n","protected":false},"excerpt":{"rendered":"<p>Inhalt &#8218;cd-inleben&#8216; (ostblock rekords) bild: robert kellner Das Streben nach Selbst\u00e4ndigkeit und mir Unbekanntem beinhaltete im meinem Suchen immer auch eine gewisse Abwehrreaktion Neuem gegen\u00fcber. So sehr mich diese Haltung zun\u00e4chst am Vorw\u00e4rtsschreiten hinderte, brachte sie mich doch immer wieder an den Punkt, der mich zu elementaren \u00dcberlegungen zur\u00fcckkatapultierte und zu mir neuen Klangstrukturen f\u00fchrte. [&hellip;]<\/p>\n","protected":false},"author":1,"featured_media":0,"parent":0,"menu_order":3,"comment_status":"closed","ping_status":"open","template":"","meta":{"footnotes":""},"class_list":["post-20","page","type-page","status-publish","hentry"],"_links":{"self":[{"href":"http:\/\/www.porzellanland.net\/index.php?rest_route=\/wp\/v2\/pages\/20","targetHints":{"allow":["GET"]}}],"collection":[{"href":"http:\/\/www.porzellanland.net\/index.php?rest_route=\/wp\/v2\/pages"}],"about":[{"href":"http:\/\/www.porzellanland.net\/index.php?rest_route=\/wp\/v2\/types\/page"}],"author":[{"embeddable":true,"href":"http:\/\/www.porzellanland.net\/index.php?rest_route=\/wp\/v2\/users\/1"}],"replies":[{"embeddable":true,"href":"http:\/\/www.porzellanland.net\/index.php?rest_route=%2Fwp%2Fv2%2Fcomments&post=20"}],"version-history":[{"count":28,"href":"http:\/\/www.porzellanland.net\/index.php?rest_route=\/wp\/v2\/pages\/20\/revisions"}],"predecessor-version":[{"id":1008,"href":"http:\/\/www.porzellanland.net\/index.php?rest_route=\/wp\/v2\/pages\/20\/revisions\/1008"}],"wp:attachment":[{"href":"http:\/\/www.porzellanland.net\/index.php?rest_route=%2Fwp%2Fv2%2Fmedia&parent=20"}],"curies":[{"name":"wp","href":"https:\/\/api.w.org\/{rel}","templated":true}]}}