{"id":420,"date":"2014-04-13T23:58:28","date_gmt":"2014-04-13T21:58:28","guid":{"rendered":"http:\/\/www.porzellanland.net\/?page_id=420"},"modified":"2014-04-13T23:58:28","modified_gmt":"2014-04-13T21:58:28","slug":"osthirn","status":"publish","type":"page","link":"http:\/\/www.porzellanland.net\/?page_id=420","title":{"rendered":"osthirn"},"content":{"rendered":"<p><a href=\"http:\/\/www.porzellanland.net\/?attachment_id=421\" rel=\"attachment wp-att-421\"><img loading=\"lazy\" decoding=\"async\" class=\"alignnone size-medium wp-image-421\" alt=\"ost\/rekords\/info\" src=\"http:\/\/www.porzellanland.net\/wp-content\/uploads\/2014\/04\/1-300x300.jpg\" width=\"300\" height=\"300\" srcset=\"http:\/\/www.porzellanland.net\/wp-content\/uploads\/2014\/04\/1-300x300.jpg 300w, http:\/\/www.porzellanland.net\/wp-content\/uploads\/2014\/04\/1-150x150.jpg 150w, http:\/\/www.porzellanland.net\/wp-content\/uploads\/2014\/04\/1.jpg 403w\" sizes=\"auto, (max-width: 300px) 100vw, 300px\" \/><\/a><\/p>\n<p>Ostblock ist gluecklich.<br \/>\nPeter Seher hat mit \u201cinleben\u201d einen Schlusspunkt gesetzt unter jahrelanges kreatives Arbeiten. Experimentieren. Verwerfen. Neubauen.<\/p>\n<p>Wir erleben das m\u00e4chtige Resultat eines kreativen Prozesses, der selten geworden ist. In dieser Intensit\u00e4t. In Form. In Vollendung.<\/p>\n<p> Kurz:<br \/>\n\u201cInleben\u201d startet. Und wir z\u00fcndeln mit.<\/p>\n<p>Peter Charme &#8211; inleben                                                            [Cd-Kritik des &#8218;Music Information Center Austria&#8216;<br \/>\n                                                                                                  translation: &#8218;google&#8216;  (dt\/engl\/arab\/dt)]<\/p>\n<p>Es ist ein Design etwas andere Musik mit Peter , die Reize auf seinem Album &#8220; inleben &#8220; (History of the Eastern bloc) dem Publikum zugewandt . Mit semi- musikalische Geschichten brechen die traditionellen Anlagen sind eher avantgardistischen Sound und Sound -Collagen , weil jedes St\u00fcck Regulator , dass sie geh\u00f6rt werden. &#8220; Inleben &#8220; ist die gr\u00f6\u00dfte Hinzuf\u00fcgen von Musik , eine gute Ann\u00e4herung an das Ph\u00e4nomen der nicht-traditionellen Perspektive. Peter Charme fordert Sie auf Ihre H\u00f6rgewohnheiten und andere spezielle , nicht wirklich zu \u00f6ffnen kategorisierbare . Zeigt das Album am 10. Juni in Wien Rhiz Ortsnetz.<\/p>\n<p>Peter Lange arbeitete ihrem Charme f\u00fcr seine Theaterst\u00fccke und in den Entwicklungsprozess oft verwarf die Idee , sie wieder und Magie , als angemessen. Wer arbeitet Soundprozessor und nur teilweise mit den traditionellen Musikalisches tun . Melodien, Harmonien oder jegliche rhythmische Strukturen in elektrische und akustische Design gefunden , abgesehen von einer Reihe von anderen &#8220; Leid ` s Seherman &#8220; , nicht wirklich. Wenn ja, dann die Definition Hinweise auf die Breite von ihm geschaffen und den Zugang zu der absoluten Stille auf elektronische Tricks nicht-traditionellen zur Avantgarde und experimentelle rauscharme Abenteuer irgendwo im Universum.<\/p>\n<p>Peter Magie zeigt sich als Meister der Schaffung solcher R\u00e4ume alle unaufh\u00f6rlich zu erweitern. Daten der elektronischen Ausr\u00fcstung und field recordings und akustische Instrumente und Stimmen , Kl\u00e4nge und Ger\u00e4usche erzeugt bilden das Sonnensystem und die Ereignisse, die einmal vorkommen gab es seitdem , hell und klar in der unendlichen verschwinden . Identifiziert dich in St\u00fccke , und irgendwann , es f\u00fchlt sich wie ein Teil des Ganzen, fast wie Stehen in der \u00dcberwachung Rolle der Astronomen in der Mitte des Geschehens.<br \/>\nStellen f\u00fcr stilistische Positionierung innerhalb der Kategorie der privaten musikalischen veraltet<\/p>\n<p>Grunds\u00e4tzlich sind sie bewegliche Sachen ist es sehr leicht au\u00dferhalb der \u00fcblichen Normen der musikalischen Organisation erstellt . Hat seinen eigenen Stil , seine Form des Ausdrucks und Bewegung &#8220; inleben &#8220; bewusst mit jedem musikalischen brechen. Es ist zwar nicht einfach, mit dem Material, das kommt , aber sicherlich noch intensiver und n\u00e4her an eine Sache, aber die Animation , um damit umzugehen . (Tonnen).<\/p>\n","protected":false},"excerpt":{"rendered":"<p>Ostblock ist gluecklich. Peter Seher hat mit \u201cinleben\u201d einen Schlusspunkt gesetzt unter jahrelanges kreatives Arbeiten. Experimentieren. Verwerfen. Neubauen. Wir erleben das m\u00e4chtige Resultat eines kreativen Prozesses, der selten geworden ist. In dieser Intensit\u00e4t. In Form. In Vollendung. Kurz: \u201cInleben\u201d startet. Und wir z\u00fcndeln mit. Peter Charme &#8211; inleben [Cd-Kritik des &#8218;Music Information Center Austria&#8216; translation: [&hellip;]<\/p>\n","protected":false},"author":1,"featured_media":0,"parent":20,"menu_order":1,"comment_status":"closed","ping_status":"open","template":"","meta":{"footnotes":""},"class_list":["post-420","page","type-page","status-publish","hentry"],"_links":{"self":[{"href":"http:\/\/www.porzellanland.net\/index.php?rest_route=\/wp\/v2\/pages\/420","targetHints":{"allow":["GET"]}}],"collection":[{"href":"http:\/\/www.porzellanland.net\/index.php?rest_route=\/wp\/v2\/pages"}],"about":[{"href":"http:\/\/www.porzellanland.net\/index.php?rest_route=\/wp\/v2\/types\/page"}],"author":[{"embeddable":true,"href":"http:\/\/www.porzellanland.net\/index.php?rest_route=\/wp\/v2\/users\/1"}],"replies":[{"embeddable":true,"href":"http:\/\/www.porzellanland.net\/index.php?rest_route=%2Fwp%2Fv2%2Fcomments&post=420"}],"version-history":[{"count":1,"href":"http:\/\/www.porzellanland.net\/index.php?rest_route=\/wp\/v2\/pages\/420\/revisions"}],"predecessor-version":[{"id":422,"href":"http:\/\/www.porzellanland.net\/index.php?rest_route=\/wp\/v2\/pages\/420\/revisions\/422"}],"up":[{"embeddable":true,"href":"http:\/\/www.porzellanland.net\/index.php?rest_route=\/wp\/v2\/pages\/20"}],"wp:attachment":[{"href":"http:\/\/www.porzellanland.net\/index.php?rest_route=%2Fwp%2Fv2%2Fmedia&parent=420"}],"curies":[{"name":"wp","href":"https:\/\/api.w.org\/{rel}","templated":true}]}}